{"id":2004,"date":"2021-09-13T18:52:20","date_gmt":"2021-09-13T17:52:20","guid":{"rendered":"https:\/\/www.senklerhof.de\/?post_type=te_announcements&#038;p=2004"},"modified":"2021-10-24T18:45:20","modified_gmt":"2021-10-24T17:45:20","slug":"dachsanierung-rueckbau-dachstaender","status":"publish","type":"te_announcements","link":"https:\/\/www.senklerhof.de\/index.php\/announcement\/dachsanierung-rueckbau-dachstaender\/","title":{"rendered":"R\u00fcckbau des Dachst\u00e4nders."},"content":{"rendered":"<p>Am Montag den 16.08.2021 war es dann soweit. Die ersten Arbeiten am Senklerhof erfolgten f\u00fcr die anstehende Dachsanierung. Fr\u00fch morgens traf ein Team der Netze BW auf dem Senklerhof ein um den Netzanschluss auf dem Dach zur\u00fcck zubauen und einen provisorischen Hausanschlusskasten zu erstellen. Ausgehend vom Hausanschlusskasten wurde \u00fcber eine Gummileitung die Stromversorgung durch die Firma Elektro-Wehrle wieder hergestellt.<\/p>\n\n<table id=\"tablepress-4\" class=\"tablepress tablepress-id-4\">\n<tbody>\n<tr class=\"row-1\">\n\t<td class=\"column-1\"><img loading=\"lazy\" decoding=\"async\" src=\"https:\/\/www.senklerhof.de\/wp-content\/uploads\/2021\/09\/Dachsanierung-Dachstaender-Web-169x300.jpg\" alt=\"\" width=\"169\" height=\"300\" class=\"alignleft size-medium wp-image-2014\" srcset=\"https:\/\/www.senklerhof.de\/wp-content\/uploads\/2021\/09\/Dachsanierung-Dachstaender-Web-169x300.jpg 169w, https:\/\/www.senklerhof.de\/wp-content\/uploads\/2021\/09\/Dachsanierung-Dachstaender-Web-576x1024.jpg 576w, https:\/\/www.senklerhof.de\/wp-content\/uploads\/2021\/09\/Dachsanierung-Dachstaender-Web-768x1365.jpg 768w, https:\/\/www.senklerhof.de\/wp-content\/uploads\/2021\/09\/Dachsanierung-Dachstaender-Web-864x1536.jpg 864w, https:\/\/www.senklerhof.de\/wp-content\/uploads\/2021\/09\/Dachsanierung-Dachstaender-Web-1152x2048.jpg 1152w, https:\/\/www.senklerhof.de\/wp-content\/uploads\/2021\/09\/Dachsanierung-Dachstaender-Web-520x924.jpg 520w, https:\/\/www.senklerhof.de\/wp-content\/uploads\/2021\/09\/Dachsanierung-Dachstaender-Web-740x1316.jpg 740w, https:\/\/www.senklerhof.de\/wp-content\/uploads\/2021\/09\/Dachsanierung-Dachstaender-Web-scaled.jpg 1440w\" sizes=\"auto, (max-width: 169px) 100vw, 169px\" \/><\/td><td class=\"column-2\"><img loading=\"lazy\" decoding=\"async\" src=\"https:\/\/www.senklerhof.de\/wp-content\/uploads\/2021\/09\/Dachsanierung-HACK-Web-169x300.jpg\" alt=\"\" width=\"169\" height=\"300\" class=\"alignleft size-medium wp-image-2013\" srcset=\"https:\/\/www.senklerhof.de\/wp-content\/uploads\/2021\/09\/Dachsanierung-HACK-Web-169x300.jpg 169w, https:\/\/www.senklerhof.de\/wp-content\/uploads\/2021\/09\/Dachsanierung-HACK-Web-576x1024.jpg 576w, https:\/\/www.senklerhof.de\/wp-content\/uploads\/2021\/09\/Dachsanierung-HACK-Web-768x1365.jpg 768w, https:\/\/www.senklerhof.de\/wp-content\/uploads\/2021\/09\/Dachsanierung-HACK-Web-864x1536.jpg 864w, https:\/\/www.senklerhof.de\/wp-content\/uploads\/2021\/09\/Dachsanierung-HACK-Web-1152x2048.jpg 1152w, https:\/\/www.senklerhof.de\/wp-content\/uploads\/2021\/09\/Dachsanierung-HACK-Web-520x924.jpg 520w, https:\/\/www.senklerhof.de\/wp-content\/uploads\/2021\/09\/Dachsanierung-HACK-Web-740x1316.jpg 740w, https:\/\/www.senklerhof.de\/wp-content\/uploads\/2021\/09\/Dachsanierung-HACK-Web-scaled.jpg 1440w\" sizes=\"auto, (max-width: 169px) 100vw, 169px\" \/><\/td><td class=\"column-3\"><img loading=\"lazy\" decoding=\"async\" src=\"https:\/\/www.senklerhof.de\/wp-content\/uploads\/2021\/09\/Dachsanierung-Micha-Web-169x300.jpg\" alt=\"\" width=\"169\" height=\"300\" class=\"alignleft size-medium wp-image-2015\" srcset=\"https:\/\/www.senklerhof.de\/wp-content\/uploads\/2021\/09\/Dachsanierung-Micha-Web-169x300.jpg 169w, https:\/\/www.senklerhof.de\/wp-content\/uploads\/2021\/09\/Dachsanierung-Micha-Web-576x1024.jpg 576w, https:\/\/www.senklerhof.de\/wp-content\/uploads\/2021\/09\/Dachsanierung-Micha-Web-768x1365.jpg 768w, https:\/\/www.senklerhof.de\/wp-content\/uploads\/2021\/09\/Dachsanierung-Micha-Web-864x1536.jpg 864w, https:\/\/www.senklerhof.de\/wp-content\/uploads\/2021\/09\/Dachsanierung-Micha-Web-1152x2048.jpg 1152w, https:\/\/www.senklerhof.de\/wp-content\/uploads\/2021\/09\/Dachsanierung-Micha-Web-520x924.jpg 520w, https:\/\/www.senklerhof.de\/wp-content\/uploads\/2021\/09\/Dachsanierung-Micha-Web-740x1316.jpg 740w, https:\/\/www.senklerhof.de\/wp-content\/uploads\/2021\/09\/Dachsanierung-Micha-Web-scaled.jpg 1440w\" sizes=\"auto, (max-width: 169px) 100vw, 169px\" \/><\/td><td class=\"column-4\"><img loading=\"lazy\" decoding=\"async\" src=\"https:\/\/www.senklerhof.de\/wp-content\/uploads\/2021\/09\/Dachsanierung-Sepp-Web-169x300.jpg\" alt=\"\" width=\"169\" height=\"300\" class=\"alignleft size-medium wp-image-2017\" srcset=\"https:\/\/www.senklerhof.de\/wp-content\/uploads\/2021\/09\/Dachsanierung-Sepp-Web-169x300.jpg 169w, https:\/\/www.senklerhof.de\/wp-content\/uploads\/2021\/09\/Dachsanierung-Sepp-Web-576x1024.jpg 576w, https:\/\/www.senklerhof.de\/wp-content\/uploads\/2021\/09\/Dachsanierung-Sepp-Web-768x1365.jpg 768w, https:\/\/www.senklerhof.de\/wp-content\/uploads\/2021\/09\/Dachsanierung-Sepp-Web-864x1536.jpg 864w, https:\/\/www.senklerhof.de\/wp-content\/uploads\/2021\/09\/Dachsanierung-Sepp-Web-1152x2048.jpg 1152w, https:\/\/www.senklerhof.de\/wp-content\/uploads\/2021\/09\/Dachsanierung-Sepp-Web-520x924.jpg 520w, https:\/\/www.senklerhof.de\/wp-content\/uploads\/2021\/09\/Dachsanierung-Sepp-Web-740x1316.jpg 740w, https:\/\/www.senklerhof.de\/wp-content\/uploads\/2021\/09\/Dachsanierung-Sepp-Web-scaled.jpg 1440w\" sizes=\"auto, (max-width: 169px) 100vw, 169px\" \/><\/td>\n<\/tr>\n<\/tbody>\n<\/table>\n\n<p>&nbsp;<\/p>\n","protected":false},"parent":0,"template":"","class_list":["post-2004","te_announcements","type-te_announcements","status-publish","hentry"],"announcement_date":"Announcement Date: 16.08.2021","announcement_image":{"iframe":false,"url":"https:\/\/www.senklerhof.de\/wp-content\/uploads\/2021\/09\/Dachsanierung-Netzte-BW-Web-scaled.jpg"},"_links":{"self":[{"href":"https:\/\/www.senklerhof.de\/index.php\/wp-json\/wp\/v2\/announcement\/2004","targetHints":{"allow":["GET"]}}],"collection":[{"href":"https:\/\/www.senklerhof.de\/index.php\/wp-json\/wp\/v2\/announcement"}],"about":[{"href":"https:\/\/www.senklerhof.de\/index.php\/wp-json\/wp\/v2\/types\/te_announcements"}],"wp:attachment":[{"href":"https:\/\/www.senklerhof.de\/index.php\/wp-json\/wp\/v2\/media?parent=2004"}],"curies":[{"name":"wp","href":"https:\/\/api.w.org\/{rel}","templated":true}]}}

Rückbau des Dachständers.

<p>Am Montag den 16.08.2021 war es dann soweit. Die ersten Arbeiten am Senklerhof erfolgten für die anstehende Dachsanierung. Früh morgens traf ein Team der Netze BW auf dem Senklerhof ein um den Netzanschluss auf dem Dach zurück zubauen und einen provisorischen Hausanschlusskasten zu erstellen. Ausgehend vom Hausanschlusskasten wurde über eine Gummileitung die Stromversorgung durch die Firma Elektro-Wehrle wieder hergestellt.</p>

<table id="tablepress-4" class="tablepress tablepress-id-4">
<tbody>
<tr class="row-1">
	<td class="column-1"><img loading="lazy" decoding="async" src="https://www.senklerhof.de/wp-content/uploads/2021/09/Dachsanierung-Dachstaender-Web-169x300.jpg" alt="" width="169" height="300" class="alignleft size-medium wp-image-2014" srcset="https://www.senklerhof.de/wp-content/uploads/2021/09/Dachsanierung-Dachstaender-Web-169x300.jpg 169w, https://www.senklerhof.de/wp-content/uploads/2021/09/Dachsanierung-Dachstaender-Web-576x1024.jpg 576w, https://www.senklerhof.de/wp-content/uploads/2021/09/Dachsanierung-Dachstaender-Web-768x1365.jpg 768w, https://www.senklerhof.de/wp-content/uploads/2021/09/Dachsanierung-Dachstaender-Web-864x1536.jpg 864w, https://www.senklerhof.de/wp-content/uploads/2021/09/Dachsanierung-Dachstaender-Web-1152x2048.jpg 1152w, https://www.senklerhof.de/wp-content/uploads/2021/09/Dachsanierung-Dachstaender-Web-520x924.jpg 520w, https://www.senklerhof.de/wp-content/uploads/2021/09/Dachsanierung-Dachstaender-Web-740x1316.jpg 740w, https://www.senklerhof.de/wp-content/uploads/2021/09/Dachsanierung-Dachstaender-Web-scaled.jpg 1440w" sizes="auto, (max-width: 169px) 100vw, 169px" /></td><td class="column-2"><img loading="lazy" decoding="async" src="https://www.senklerhof.de/wp-content/uploads/2021/09/Dachsanierung-HACK-Web-169x300.jpg" alt="" width="169" height="300" class="alignleft size-medium wp-image-2013" srcset="https://www.senklerhof.de/wp-content/uploads/2021/09/Dachsanierung-HACK-Web-169x300.jpg 169w, https://www.senklerhof.de/wp-content/uploads/2021/09/Dachsanierung-HACK-Web-576x1024.jpg 576w, https://www.senklerhof.de/wp-content/uploads/2021/09/Dachsanierung-HACK-Web-768x1365.jpg 768w, https://www.senklerhof.de/wp-content/uploads/2021/09/Dachsanierung-HACK-Web-864x1536.jpg 864w, https://www.senklerhof.de/wp-content/uploads/2021/09/Dachsanierung-HACK-Web-1152x2048.jpg 1152w, https://www.senklerhof.de/wp-content/uploads/2021/09/Dachsanierung-HACK-Web-520x924.jpg 520w, https://www.senklerhof.de/wp-content/uploads/2021/09/Dachsanierung-HACK-Web-740x1316.jpg 740w, https://www.senklerhof.de/wp-content/uploads/2021/09/Dachsanierung-HACK-Web-scaled.jpg 1440w" sizes="auto, (max-width: 169px) 100vw, 169px" /></td><td class="column-3"><img loading="lazy" decoding="async" src="https://www.senklerhof.de/wp-content/uploads/2021/09/Dachsanierung-Micha-Web-169x300.jpg" alt="" width="169" height="300" class="alignleft size-medium wp-image-2015" srcset="https://www.senklerhof.de/wp-content/uploads/2021/09/Dachsanierung-Micha-Web-169x300.jpg 169w, https://www.senklerhof.de/wp-content/uploads/2021/09/Dachsanierung-Micha-Web-576x1024.jpg 576w, https://www.senklerhof.de/wp-content/uploads/2021/09/Dachsanierung-Micha-Web-768x1365.jpg 768w, https://www.senklerhof.de/wp-content/uploads/2021/09/Dachsanierung-Micha-Web-864x1536.jpg 864w, https://www.senklerhof.de/wp-content/uploads/2021/09/Dachsanierung-Micha-Web-1152x2048.jpg 1152w, https://www.senklerhof.de/wp-content/uploads/2021/09/Dachsanierung-Micha-Web-520x924.jpg 520w, https://www.senklerhof.de/wp-content/uploads/2021/09/Dachsanierung-Micha-Web-740x1316.jpg 740w, https://www.senklerhof.de/wp-content/uploads/2021/09/Dachsanierung-Micha-Web-scaled.jpg 1440w" sizes="auto, (max-width: 169px) 100vw, 169px" /></td><td class="column-4"><img loading="lazy" decoding="async" src="https://www.senklerhof.de/wp-content/uploads/2021/09/Dachsanierung-Sepp-Web-169x300.jpg" alt="" width="169" height="300" class="alignleft size-medium wp-image-2017" srcset="https://www.senklerhof.de/wp-content/uploads/2021/09/Dachsanierung-Sepp-Web-169x300.jpg 169w, https://www.senklerhof.de/wp-content/uploads/2021/09/Dachsanierung-Sepp-Web-576x1024.jpg 576w, https://www.senklerhof.de/wp-content/uploads/2021/09/Dachsanierung-Sepp-Web-768x1365.jpg 768w, https://www.senklerhof.de/wp-content/uploads/2021/09/Dachsanierung-Sepp-Web-864x1536.jpg 864w, https://www.senklerhof.de/wp-content/uploads/2021/09/Dachsanierung-Sepp-Web-1152x2048.jpg 1152w, https://www.senklerhof.de/wp-content/uploads/2021/09/Dachsanierung-Sepp-Web-520x924.jpg 520w, https://www.senklerhof.de/wp-content/uploads/2021/09/Dachsanierung-Sepp-Web-740x1316.jpg 740w, https://www.senklerhof.de/wp-content/uploads/2021/09/Dachsanierung-Sepp-Web-scaled.jpg 1440w" sizes="auto, (max-width: 169px) 100vw, 169px" /></td>
</tr>
</tbody>
</table>

<p>&nbsp;</p>
