{"id":1522,"date":"2020-11-11T19:47:10","date_gmt":"2020-11-11T18:47:10","guid":{"rendered":"http:\/\/www.senklerhof.de\/?page_id=1522"},"modified":"2021-11-02T08:57:46","modified_gmt":"2021-11-02T07:57:46","slug":"uebernachtungspreise","status":"publish","type":"page","link":"https:\/\/www.senklerhof.de\/index.php\/uebernachtungspreise\/","title":{"rendered":"\u00dcbernachtungspreise"},"content":{"rendered":"<p><strong>Die Kosten f\u00fcr einen Aufenthalt auf dem Senklerhof<\/strong><\/p>\n<p>Ab dem 01. Januar 2021 entfallen die Geb\u00fchren f\u00fcr Stromm\u00fcnzen und M\u00fclls\u00e4cke auf dem Senklerhof. Die \u00dcbernachtungspreise werden daher entsprechend angepasst und gestalten sich wie folgt:<\/p>\n<table>\n<tbody>\n<tr>\n<td>\u00dcbernachtung (pro Person)<\/td>\n<td>Erwachsene<\/td>\n<td>10 \u20ac<\/td>\n<\/tr>\n<tr>\n<td>&nbsp;<\/td>\n<td>Kinder, Sch\u00fcler, Studenten<\/td>\n<td>6 \u20ac<\/td>\n<\/tr>\n<tr>\n<td>&nbsp;<\/td>\n<td>Familien<\/td>\n<td>25 \u20ac<\/td>\n<\/tr>\n<tr>\n<td>Die Mindestentgelte betragen<\/td>\n<td>\u00dcbernachtungspauschale<\/td>\n<td>70 \u20ac<\/td>\n<\/tr>\n<tr>\n<td>&nbsp;<\/td>\n<td>\u00dcbernachtungspauschale (Ferien in Baden-W\u00fcrttemberg)<\/td>\n<td>90 \u20ac<\/td>\n<\/tr>\n<tr>\n<td>&nbsp;<\/td>\n<td>Wochenendpauschale (Freitag 12 Uhr bis Sonntag)<\/td>\n<td>260 \u20ac<\/td>\n<\/tr>\n<\/tbody>\n<\/table>\n<p>Weitergehende Information zum Senklerhof und f\u00fcr Ihren Aufenthalt k\u00f6nnen Sie hier <a href=\"https:\/\/www.senklerhof.de\/wp-content\/uploads\/2021\/11\/Informationen-fuer-ihren-Aufenthalt.pdf\" target=\"_blank\" rel=\"noopener noreferrer\">herunterladen<\/a>.<\/p>\n","protected":false},"excerpt":{"rendered":"<p>Die Kosten f\u00fcr einen Aufenthalt auf dem Senklerhof Ab dem 01. Januar 2021 entfallen die Geb\u00fchren f\u00fcr Stromm\u00fcnzen und M\u00fclls\u00e4cke auf dem Senklerhof. Die \u00dcbernachtungspreise werden daher entsprechend angepasst und gestalten sich wie folgt: \u00dcbernachtung (pro Person) Erwachsene 10 \u20ac &nbsp; Kinder, Sch\u00fcler, Studenten 6<a class=\"read-more\" href=\"https:\/\/www.senklerhof.de\/index.php\/uebernachtungspreise\/\">Weiterlesen<\/a><\/p>\n","protected":false},"author":1,"featured_media":0,"parent":0,"menu_order":0,"comment_status":"closed","ping_status":"closed","template":"","meta":{"ngg_post_thumbnail":0,"footnotes":""},"class_list":["post-1522","page","type-page","status-publish","hentry"],"_links":{"self":[{"href":"https:\/\/www.senklerhof.de\/index.php\/wp-json\/wp\/v2\/pages\/1522","targetHints":{"allow":["GET"]}}],"collection":[{"href":"https:\/\/www.senklerhof.de\/index.php\/wp-json\/wp\/v2\/pages"}],"about":[{"href":"https:\/\/www.senklerhof.de\/index.php\/wp-json\/wp\/v2\/types\/page"}],"author":[{"embeddable":true,"href":"https:\/\/www.senklerhof.de\/index.php\/wp-json\/wp\/v2\/users\/1"}],"replies":[{"embeddable":true,"href":"https:\/\/www.senklerhof.de\/index.php\/wp-json\/wp\/v2\/comments?post=1522"}],"version-history":[{"count":8,"href":"https:\/\/www.senklerhof.de\/index.php\/wp-json\/wp\/v2\/pages\/1522\/revisions"}],"predecessor-version":[{"id":2137,"href":"https:\/\/www.senklerhof.de\/index.php\/wp-json\/wp\/v2\/pages\/1522\/revisions\/2137"}],"wp:attachment":[{"href":"https:\/\/www.senklerhof.de\/index.php\/wp-json\/wp\/v2\/media?parent=1522"}],"curies":[{"name":"wp","href":"https:\/\/api.w.org\/{rel}","templated":true}]}}