{"id":161,"date":"2018-02-11T15:24:02","date_gmt":"2018-02-11T15:24:02","guid":{"rendered":"http:\/\/192.168.130.227\/senklerhof\/?page_id=161"},"modified":"2023-11-11T17:58:11","modified_gmt":"2023-11-11T16:58:11","slug":"anreise","status":"publish","type":"page","link":"https:\/\/www.senklerhof.de\/index.php\/anreise\/","title":{"rendered":"Anreise"},"content":{"rendered":"<p><img loading=\"lazy\" decoding=\"async\" class=\"wp-image-879 size-full alignright\" src=\"http:\/\/www.senklerhof.de\/wp-content\/uploads\/2019\/08\/Das-Haus-Anreise-Web.jpg\" alt=\"\" width=\"224\" height=\"150\">Senklerhof<br \/>\nIn den Spirzen 15<br \/>\n79274 St. M\u00e4rgen<\/p>\n<p>Telefon:&nbsp;07669 1010<\/p>\n<p>&nbsp;<\/p>\n<h5><strong>Anreise mit dem Auto<\/strong><\/h5>\n<p>Sie erreichen den Senklerhof \u00fcber die B31 Freiburg &#8211; Donaueschingen<\/p>\n<p>von Westen:<\/p>\n<ul>\n<li>Fahren Sie auf der B 31 in Richtung Hinterzarten, Titisee.<\/li>\n<li>Verlassen Sie bei der Ausfahrt St. M\u00e4rgen, Buchenbach die B31 und fahren Sie in Richtung St. M\u00e4rgen ins Wagensteigtal.<\/li>\n<li>Hinter der Ortschaft Buchenbach liegt links das S\u00e4gewerk der Firma Dold. Kurz nach dem S\u00e4gewerk biegen Sie rechts ab in den Spirzendobel &#8211; Hinweisschild: Thurner.<\/li>\n<li>Nach ca. 5,0 km liegt rechts der Hogenhof.<br \/>\nHier verlassen Sie die Stra\u00dfe und gelangen weiter \u00fcber einen Privatweg zum Senklerhof &#8211; Hinweisschild: Senklerweg.<\/li>\n<\/ul>\n<p>von Osten:<\/p>\n<ul>\n<li>Fahren Sie auf der B 31 in Richtung Freiburg.<\/li>\n<li>In Hinterzarten wechseln Sie auf die B 500 in Richtung Triberg, Furtwangen.<\/li>\n<li>Beim Thurner Wirtshaus verlassen Sie die B 500 und fahren nach links in Richtung Buchenbach.<\/li>\n<li>Nach ca. 3,4 km liegt links der Hogenhof.<br \/>\nHier verlassen Sie die Stra\u00dfe und gelangen weiter \u00fcber einen Privatweg zum Senklerhof &#8211; Hinweisschild: Senklerweg.<\/li>\n<\/ul>\n<p>&nbsp;<\/p>\n<h5><strong>Anreise mit \u00f6ffentlichen Verkehrsmittel<\/strong><\/h5>\n<p><iframe loading=\"lazy\" style=\"border: 0;\" title=\"bwegt Fahrplanauskunft-Widget\" src=\"https:\/\/www.bwegt.de\/efa-widget\/index.html?destination=de%3A08315%3A556&amp;destinationName=Thurner%2C%20Micheleh%C3%A4usle\" width=\"340\" height=\"450\" frameborder=\"0\"><\/iframe><\/p>\n<p>ab Bahnhof (HBF) Freiburg:<\/p>\n<ul>\n<li>Nehmen Sie die Regionalbahn vom Bahnhof Freiburg (Breisgau) Hbf in Richtung Titisee.<\/li>\n<li>Steigen Sie im Bahnhof Hinterzarten um in den Bus 7216 in Richtung Kirchzarten und steigen aus an der Haltestelle Micheleh\u00e4usle, St. M\u00e4rgen.<\/li>\n<li>Alternativ nehmen Sie die Regionalbahn vom Bahnhof Freiburg (Breisgau) Hbf in Richtung Seebrugg.<\/li>\n<li>Steigen Sie im Bahnhof Kirchzarten um in den Bus 7216 in Richtung Hinterzarten und steigen aus an der Haltestelle Micheleh\u00e4usle, St. M\u00e4rgen.<\/li>\n<li>Folgen Sie dem gekennzeichneten Fu\u00dfweg (S f\u00fcr Senklerhof) talw\u00e4rts ca. 1.5km bis zum Senklerhof.<\/li>\n<li>Der Weg ist zun\u00e4chst ein kurzes St\u00fcck geteert und f\u00fchrt dann \u00fcber Wiesen und Waldwege.<\/li>\n<li>Sie brauchen daf\u00fcr ungef\u00e4hr eine halbe Stunde.<\/li>\n<li>Der Weg ist nicht ganz leicht zu finden, erst recht, wenn Schnee liegt.<\/li>\n<li>Wir empfehlen, zur Vorbereitung zum Senklerhof zu fahren und von dort aus in umgekehrter Richtung zum Micheleh\u00e4usle zu wandern, damit der Weg klar ist.<\/li>\n<li>Au\u00dferdem empfiehlt sich die Anreise bei Tageslicht.<\/li>\n<\/ul>\n","protected":false},"excerpt":{"rendered":"<p>Senklerhof In den Spirzen 15 79274 St. M\u00e4rgen Telefon:&nbsp;07669 1010 &nbsp; Anreise mit dem Auto Sie erreichen den Senklerhof \u00fcber die B31 Freiburg &#8211; Donaueschingen von Westen: Fahren Sie auf der B 31 in Richtung Hinterzarten, Titisee. Verlassen Sie bei der Ausfahrt St. M\u00e4rgen, Buchenbach<a class=\"read-more\" href=\"https:\/\/www.senklerhof.de\/index.php\/anreise\/\">Weiterlesen<\/a><\/p>\n","protected":false},"author":1,"featured_media":0,"parent":0,"menu_order":0,"comment_status":"closed","ping_status":"closed","template":"","meta":{"ngg_post_thumbnail":0,"footnotes":""},"class_list":["post-161","page","type-page","status-publish","hentry"],"_links":{"self":[{"href":"https:\/\/www.senklerhof.de\/index.php\/wp-json\/wp\/v2\/pages\/161","targetHints":{"allow":["GET"]}}],"collection":[{"href":"https:\/\/www.senklerhof.de\/index.php\/wp-json\/wp\/v2\/pages"}],"about":[{"href":"https:\/\/www.senklerhof.de\/index.php\/wp-json\/wp\/v2\/types\/page"}],"author":[{"embeddable":true,"href":"https:\/\/www.senklerhof.de\/index.php\/wp-json\/wp\/v2\/users\/1"}],"replies":[{"embeddable":true,"href":"https:\/\/www.senklerhof.de\/index.php\/wp-json\/wp\/v2\/comments?post=161"}],"version-history":[{"count":81,"href":"https:\/\/www.senklerhof.de\/index.php\/wp-json\/wp\/v2\/pages\/161\/revisions"}],"predecessor-version":[{"id":2486,"href":"https:\/\/www.senklerhof.de\/index.php\/wp-json\/wp\/v2\/pages\/161\/revisions\/2486"}],"wp:attachment":[{"href":"https:\/\/www.senklerhof.de\/index.php\/wp-json\/wp\/v2\/media?parent=161"}],"curies":[{"name":"wp","href":"https:\/\/api.w.org\/{rel}","templated":true}]}}