{"id":201,"date":"2018-02-11T18:42:57","date_gmt":"2018-02-11T18:42:57","guid":{"rendered":"http:\/\/192.168.130.227\/senklerhof\/?page_id=201"},"modified":"2024-11-10T10:01:12","modified_gmt":"2024-11-10T09:01:12","slug":"mitgliedschaft","status":"publish","type":"page","link":"https:\/\/www.senklerhof.de\/index.php\/mitgliedschaft\/","title":{"rendered":"Mitgliedschaft"},"content":{"rendered":"<p style=\"text-align: left;\"><img loading=\"lazy\" decoding=\"async\" class=\"alignright wp-image-2158\" src=\"https:\/\/www.senklerhof.de\/wp-content\/uploads\/2022\/01\/Startseite-Senkler-im-Winter-Web-300x225.png\" alt=\"\" width=\"360\" height=\"270\" srcset=\"https:\/\/www.senklerhof.de\/wp-content\/uploads\/2022\/01\/Startseite-Senkler-im-Winter-Web-300x225.png 300w, https:\/\/www.senklerhof.de\/wp-content\/uploads\/2022\/01\/Startseite-Senkler-im-Winter-Web-1024x768.png 1024w, https:\/\/www.senklerhof.de\/wp-content\/uploads\/2022\/01\/Startseite-Senkler-im-Winter-Web-768x576.png 768w, https:\/\/www.senklerhof.de\/wp-content\/uploads\/2022\/01\/Startseite-Senkler-im-Winter-Web-520x390.png 520w, https:\/\/www.senklerhof.de\/wp-content\/uploads\/2022\/01\/Startseite-Senkler-im-Winter-Web-740x555.png 740w, https:\/\/www.senklerhof.de\/wp-content\/uploads\/2022\/01\/Startseite-Senkler-im-Winter-Web.png 1067w\" sizes=\"auto, (max-width: 360px) 100vw, 360px\" \/>Die Arbeit des Senklerhof e.V. k\u00f6nnen Sie durch Ihre Mitgliedschaft unterst\u00fctzen.<\/p>\n<p>Einen Antrag auf Mitgliedschaft k\u00f6nnen Sie&nbsp;hier&nbsp;herunterladen.<\/p>\n<p><a href=\"https:\/\/www.senklerhof.de\/wp-content\/uploads\/2024\/11\/Mitgliedsantrag-Senklerhof.pdf\"><img loading=\"lazy\" decoding=\"async\" class=\"wp-image-2537 alignleft\" src=\"https:\/\/www.senklerhof.de\/wp-content\/uploads\/2024\/03\/PDF_file_icon.svg_-244x300.png\" alt=\"\" width=\"40\" height=\"49\" srcset=\"https:\/\/www.senklerhof.de\/wp-content\/uploads\/2024\/03\/PDF_file_icon.svg_-244x300.png 244w, https:\/\/www.senklerhof.de\/wp-content\/uploads\/2024\/03\/PDF_file_icon.svg_-834x1024.png 834w, https:\/\/www.senklerhof.de\/wp-content\/uploads\/2024\/03\/PDF_file_icon.svg_-768x944.png 768w, https:\/\/www.senklerhof.de\/wp-content\/uploads\/2024\/03\/PDF_file_icon.svg_-1250x1536.png 1250w, https:\/\/www.senklerhof.de\/wp-content\/uploads\/2024\/03\/PDF_file_icon.svg_-520x639.png 520w, https:\/\/www.senklerhof.de\/wp-content\/uploads\/2024\/03\/PDF_file_icon.svg_-740x909.png 740w, https:\/\/www.senklerhof.de\/wp-content\/uploads\/2024\/03\/PDF_file_icon.svg_.png 1667w\" sizes=\"auto, (max-width: 40px) 100vw, 40px\" \/><\/a><\/p>\n<p>&nbsp;<\/p>\n<p><a href=\"https:\/\/www.senklerhof.de\/wp-content\/uploads\/2024\/11\/Mitgliedsantrag-Senklerhof.pdf\" target=\"_blank\" rel=\"noopener\">Antrag auf Mitgliedschaft<\/a><\/p>\n<p>Falls Sie uns ein SEPA-Lastschriftmandat erteilen m\u00f6chten, k\u00f6nnen Sie dieses hier herunterladen.<\/p>\n<p><a href=\"https:\/\/www.senklerhof.de\/wp-content\/uploads\/2024\/03\/SEPA-Lastschriftmandat.pdf\"><img loading=\"lazy\" decoding=\"async\" class=\"wp-image-2537 alignleft\" src=\"https:\/\/www.senklerhof.de\/wp-content\/uploads\/2024\/03\/PDF_file_icon.svg_-244x300.png\" alt=\"\" width=\"40\" height=\"49\" srcset=\"https:\/\/www.senklerhof.de\/wp-content\/uploads\/2024\/03\/PDF_file_icon.svg_-244x300.png 244w, https:\/\/www.senklerhof.de\/wp-content\/uploads\/2024\/03\/PDF_file_icon.svg_-834x1024.png 834w, https:\/\/www.senklerhof.de\/wp-content\/uploads\/2024\/03\/PDF_file_icon.svg_-768x944.png 768w, https:\/\/www.senklerhof.de\/wp-content\/uploads\/2024\/03\/PDF_file_icon.svg_-1250x1536.png 1250w, https:\/\/www.senklerhof.de\/wp-content\/uploads\/2024\/03\/PDF_file_icon.svg_-520x639.png 520w, https:\/\/www.senklerhof.de\/wp-content\/uploads\/2024\/03\/PDF_file_icon.svg_-740x909.png 740w, https:\/\/www.senklerhof.de\/wp-content\/uploads\/2024\/03\/PDF_file_icon.svg_.png 1667w\" sizes=\"auto, (max-width: 40px) 100vw, 40px\" \/><\/a><\/p>\n<p>&nbsp;<\/p>\n<p><a href=\"https:\/\/www.senklerhof.de\/wp-content\/uploads\/2024\/03\/SEPA-Lastschriftmandat.pdf\" target=\"_blank\" rel=\"noopener\">SEPA-Lastschriftmandat<\/a><\/p>\n<p>Bitte schicken Sie den Antrag per Brief oder E-Mail an:<\/p>\n<p>Frank Kl\u00f6ser<br \/>\nSonnhalde 5a<br \/>\n77749 Hohberg<\/p>\n<p>E-Mail an: <a href=\"mailto:frank.kloeser@senklerhof.de\">frank.kloeser@senklerhof.de<\/a><\/p>\n","protected":false},"excerpt":{"rendered":"<p>Die Arbeit des Senklerhof e.V. k\u00f6nnen Sie durch Ihre Mitgliedschaft unterst\u00fctzen. Einen Antrag auf Mitgliedschaft k\u00f6nnen Sie&nbsp;hier&nbsp;herunterladen. &nbsp; Antrag auf Mitgliedschaft Falls Sie uns ein SEPA-Lastschriftmandat erteilen m\u00f6chten, k\u00f6nnen Sie dieses hier herunterladen. &nbsp; SEPA-Lastschriftmandat Bitte schicken Sie den Antrag per Brief oder E-Mail an:<a class=\"read-more\" href=\"https:\/\/www.senklerhof.de\/index.php\/mitgliedschaft\/\">Weiterlesen<\/a><\/p>\n","protected":false},"author":1,"featured_media":0,"parent":0,"menu_order":0,"comment_status":"closed","ping_status":"closed","template":"","meta":{"ngg_post_thumbnail":0,"footnotes":""},"class_list":["post-201","page","type-page","status-publish","hentry"],"_links":{"self":[{"href":"https:\/\/www.senklerhof.de\/index.php\/wp-json\/wp\/v2\/pages\/201","targetHints":{"allow":["GET"]}}],"collection":[{"href":"https:\/\/www.senklerhof.de\/index.php\/wp-json\/wp\/v2\/pages"}],"about":[{"href":"https:\/\/www.senklerhof.de\/index.php\/wp-json\/wp\/v2\/types\/page"}],"author":[{"embeddable":true,"href":"https:\/\/www.senklerhof.de\/index.php\/wp-json\/wp\/v2\/users\/1"}],"replies":[{"embeddable":true,"href":"https:\/\/www.senklerhof.de\/index.php\/wp-json\/wp\/v2\/comments?post=201"}],"version-history":[{"count":35,"href":"https:\/\/www.senklerhof.de\/index.php\/wp-json\/wp\/v2\/pages\/201\/revisions"}],"predecessor-version":[{"id":2588,"href":"https:\/\/www.senklerhof.de\/index.php\/wp-json\/wp\/v2\/pages\/201\/revisions\/2588"}],"wp:attachment":[{"href":"https:\/\/www.senklerhof.de\/index.php\/wp-json\/wp\/v2\/media?parent=201"}],"curies":[{"name":"wp","href":"https:\/\/api.w.org\/{rel}","templated":true}]}}