{"id":2336,"date":"2023-03-12T17:14:17","date_gmt":"2023-03-12T16:14:17","guid":{"rendered":"https:\/\/www.senklerhof.de\/?page_id=2336"},"modified":"2023-03-12T17:14:17","modified_gmt":"2023-03-12T16:14:17","slug":"informationsblatt","status":"publish","type":"page","link":"https:\/\/www.senklerhof.de\/index.php\/informationsblatt\/","title":{"rendered":"Informationsblatt"},"content":{"rendered":"<h3><strong>Angaben zum Verantwortlichen<\/strong><\/h3>\n<p>Verantwortlicher im Sinne des Art. 13 Abs. 1 lit. a) DS-GVO ist:<\/p>\n<p>Senklerhof e.V.<br \/>\nVorstand<br \/>\nFrank Kl\u00f6ser<br \/>\nc\/o Sonnhalde 5a<br \/>\n77749 Hohberg<\/p>\n<p>E-Mail: <a href=\"mailto:frank.kloeser@senklerhof.de\">frank.kloeser@senklerhof.de<\/a><\/p>\n<h3><strong>Kontakt f\u00fcr datenschutzrechtliche Fragen<\/strong><\/h3>\n<p>Bei Fragen zum Datenschutz stehen wir Ihnen unter <a href=\"mailto:datenschutz@senklerhof.de\">datenschutz@senklerhof.de<\/a> oder unter der oben angegebenen postalischen Anschrift zur Verf\u00fcgung.<\/p>\n<h3><strong>Zweck der Verarbeitung<\/strong><\/h3>\n<p>Der Senklerhof e.V. \u00a0verarbeitet folgende personenbezogene Daten:<\/p>\n<p>Zum <strong>Zwecke der Mitglieder- und Beitragsverwaltung<\/strong> werden folgende personenbezogenen Daten:<\/p>\n<ul>\n<li>Vor- und Zuname<\/li>\n<li>Geschlecht<\/li>\n<li>Anschrift ( Stra\u00dfe, Hausnummer, PLZ, Wohnort)<\/li>\n<li>Kommunikationsdaten (Telefon, E-Mail)<\/li>\n<li>Geburtsdatum<\/li>\n<li>Bankverbindung<\/li>\n<\/ul>\n<p>verarbeitet.<\/p>\n<p>Die Rechtsgrundlage hierf\u00fcr ist Art. 6 Abs. 1 S. 1 lit. a) DS-GVO.<\/p>\n<p>Zum <strong>Zwecke der Vermietung des Senklerhofes<\/strong> werden folgende personenbezogenen Daten:<\/p>\n<ul>\n<li>Vor- und Zuname<\/li>\n<li>Geschlecht<\/li>\n<li>Anschrift ( Stra\u00dfe, Hausnummer, PLZ, Wohnort)<\/li>\n<li>Kommunikationsdaten (Telefon, E-Mail)<\/li>\n<\/ul>\n<p>verarbeitet.<\/p>\n<p>Die Rechtsgrundlage hierf\u00fcr ist Art. 6 Abs. 1 S. 1 lit. b) DS-GVO.<\/p>\n<p>Zum <strong>Zwecke der \u00d6ffentlichkeitsarbeit<\/strong> werden folgende personenbezogene Daten:<\/p>\n<ul>\n<li>werden Fotos und Namen von Mitgliedern auf der Vereinswebseite www.senklerhof.de ver\u00f6ffentlicht.<\/li>\n<li>wird Wissenswertes \u00fcber den Verein an die postalische Adresse oder E-Mail-Adresse der Mitglieder versendet.<\/li>\n<\/ul>\n<p>verarbeitet.<\/p>\n<p>Die Rechtsgrundlage hierf\u00fcr ist Art. 6 Abs. 1 S. 1 lit. a) DS-GVO.<\/p>\n<h3><strong>Empf\u00e4nger der personenbezogenen Daten<\/strong><\/h3>\n<p>Innerhalb des Vereins erhalten diejenigen Bereiche Ihre Daten, die diese zur Erf\u00fcllung der Mitgliedschaft oder gesetzlichen Pflichten ben\u00f6tigen.<\/p>\n<p>Auch von uns eingesetzte Auftragsverarbeiter k\u00f6nnen zu diesen genannten Zwecken Daten erhalten. Diese sind uns gegen\u00fcber vertraglich zur Einhaltung derselben Datenschutzstandards verpflichtet, d\u00fcrfen Ihre personenbezogenen Daten lediglich im gleichen Umfang und zu den gleichen Zwecken wie wir verarbeiten und sind unseren Weisungen unterworfen.<\/p>\n<p>Im Rahmen der Cloud-Mitgliederverwaltung werden die personenbezogenen Daten unserer Mitglieder bei STRATO \u2013 HiDrive gespeichert.<\/p>\n<h3><strong>Drittlandtransfer<\/strong><\/h3>\n<p>Eine Daten\u00fcbermittlung der personenbezogenen Daten in Drittstaaten (Staaten au\u00dferhalb des Europ\u00e4ischen Wirtschaftsraums -EWR) findet grunds\u00e4tzlich nicht statt.<\/p>\n<h3><strong>Speicherdauer<\/strong><\/h3>\n<p>Die f\u00fcr die <strong>Mitglieder- und Beitragsverwaltung<\/strong> notwendigen personenbezogenen Daten:<\/p>\n<ul>\n<li>Vor- und Zuname<\/li>\n<li>Geschlecht<\/li>\n<li>Anschrift ( Stra\u00dfe, Hausnummer, PLZ, Wohnort)<\/li>\n<li>Kommunikationsdaten (Telefon, E-Mail)<\/li>\n<li>Geburtsdatum<\/li>\n<li>Bankverbindung<\/li>\n<\/ul>\n<p>werden aus steuerrechtlichen Bestimmungen bis zu 10 Jahre nach Beendigung der Vereinsmit-gliedschaft aufbewahrt und danach gel\u00f6scht.<\/p>\n<p>Die f\u00fcr den <strong>Zwecke der Vermietung des Senklerhofes<\/strong> notwendigen personenbezogenen Daten:<\/p>\n<ul>\n<li>Vor- und Zuname<\/li>\n<li>Geschlecht<\/li>\n<li>Anschrift ( Stra\u00dfe, Hausnummer, PLZ, Wohnort)<\/li>\n<li>Kommunikationsdaten (Telefon, E-Mail)<\/li>\n<\/ul>\n<p>werden aus steuerrechtlichen Bestimmungen bis zu 10 Jahre nach der Vermietung aufbewahrt und danach gel\u00f6scht.<\/p>\n<p>Zum <strong>Zwecke der \u00d6ffentlichkeitsarbeit<\/strong> notwendige personenbezogene Daten:<\/p>\n<ul>\n<li>werden Fotos der Mitglieder von Veranstaltungen auf der Vereinswebseite www.senklerhof.de ver\u00f6ffentlicht.<\/li>\n<li>wird Wissenswertes \u00fcber den Verein an die postalische Adresse oder E-Mail-Adresse der Mitglieder versendet.<\/li>\n<\/ul>\n<p>werden im Falle des Widerrufs der Einwilligung unverz\u00fcglich gel\u00f6scht.<\/p>\n<h3><strong>Betroffenenrechte<\/strong><\/h3>\n<p>Dem Vereinsmitglied steht ein Recht \u00a0auf Auskunft (Art. 15 DS-GVO) sowie ein Recht auf Berichtigung (Art. 16 DS-GVO) oder L\u00f6schung (Art. 17 DS-GVO) oder auf Einschr\u00e4nkung der Verarbeitung (Art. 18 DS-GVO) oder ein Recht auf Widerspruch gegen die Verarbeitung (Art. 21 DS-GVO) sowie ein Recht auf Daten\u00fcbertragbarkeit (Art. 20 DS-GVO) zu.<\/p>\n<p>Das Vereinsmitglied hat das Recht, seine datenschutzrechtliche Einwilligungserkl\u00e4rung jederzeit zu widerrufen. Durch den Widerruf der Einwilligung wird die Rechtm\u00e4\u00dfigkeit, der aufgrund der Einwilligung bis zum Widerruf erfolgten Verarbeitung nicht ber\u00fchrt.<\/p>\n<p>Dem Vereinsmitglied steht ferner ein Beschwerderecht bei einer Datenschutz-Aufsichtsbeh\u00f6rde zu.<\/p>\n<p>Als Aufsichtsbeh\u00f6rde f\u00fcr die Einreichung von Beschwerden der Betroffenen zum Datenschutz steht der Landesbeauftragte f\u00fcr den Datenschutz und die Informationsfreiheit in Baden-W\u00fcrttemberg zur Verf\u00fcgung. Die Beschwerde kann online unter <a href=\"https:\/\/www.baden-wuerttemberg.datenschutz.de\/beschwerde\/\">Eine Beschwerde einreichen &#8211; Der Landesbeauftragte f\u00fcr den Datenschutz und die Informationsfreiheit Baden-W\u00fcrttemberg<\/a> eingereicht werden.<\/p>\n","protected":false},"excerpt":{"rendered":"<p>Angaben zum Verantwortlichen Verantwortlicher im Sinne des Art. 13 Abs. 1 lit. a) DS-GVO ist: Senklerhof e.V. Vorstand Frank Kl\u00f6ser c\/o Sonnhalde 5a 77749 Hohberg E-Mail: frank.kloeser@senklerhof.de Kontakt f\u00fcr datenschutzrechtliche Fragen Bei Fragen zum Datenschutz stehen wir Ihnen unter datenschutz@senklerhof.de oder unter der oben angegebenen<a class=\"read-more\" href=\"https:\/\/www.senklerhof.de\/index.php\/informationsblatt\/\">Weiterlesen<\/a><\/p>\n","protected":false},"author":1,"featured_media":0,"parent":0,"menu_order":0,"comment_status":"closed","ping_status":"closed","template":"","meta":{"ngg_post_thumbnail":0,"footnotes":""},"class_list":["post-2336","page","type-page","status-publish","hentry"],"_links":{"self":[{"href":"https:\/\/www.senklerhof.de\/index.php\/wp-json\/wp\/v2\/pages\/2336","targetHints":{"allow":["GET"]}}],"collection":[{"href":"https:\/\/www.senklerhof.de\/index.php\/wp-json\/wp\/v2\/pages"}],"about":[{"href":"https:\/\/www.senklerhof.de\/index.php\/wp-json\/wp\/v2\/types\/page"}],"author":[{"embeddable":true,"href":"https:\/\/www.senklerhof.de\/index.php\/wp-json\/wp\/v2\/users\/1"}],"replies":[{"embeddable":true,"href":"https:\/\/www.senklerhof.de\/index.php\/wp-json\/wp\/v2\/comments?post=2336"}],"version-history":[{"count":9,"href":"https:\/\/www.senklerhof.de\/index.php\/wp-json\/wp\/v2\/pages\/2336\/revisions"}],"predecessor-version":[{"id":2369,"href":"https:\/\/www.senklerhof.de\/index.php\/wp-json\/wp\/v2\/pages\/2336\/revisions\/2369"}],"wp:attachment":[{"href":"https:\/\/www.senklerhof.de\/index.php\/wp-json\/wp\/v2\/media?parent=2336"}],"curies":[{"name":"wp","href":"https:\/\/api.w.org\/{rel}","templated":true}]}}