{"id":43,"date":"2018-02-11T12:21:39","date_gmt":"2018-02-11T12:21:39","guid":{"rendered":"http:\/\/192.168.130.227\/senklerhof\/?page_id=43"},"modified":"2023-12-08T17:52:00","modified_gmt":"2023-12-08T16:52:00","slug":"verein","status":"publish","type":"page","link":"https:\/\/www.senklerhof.de\/index.php\/verein\/","title":{"rendered":"Verein"},"content":{"rendered":"<p><img loading=\"lazy\" decoding=\"async\" class=\"size-medium wp-image-2500 alignright\" src=\"https:\/\/www.senklerhof.de\/wp-content\/uploads\/2023\/12\/Verein-Senkler-Web-169x300.jpg\" alt=\"\" width=\"169\" height=\"300\" srcset=\"https:\/\/www.senklerhof.de\/wp-content\/uploads\/2023\/12\/Verein-Senkler-Web-169x300.jpg 169w, https:\/\/www.senklerhof.de\/wp-content\/uploads\/2023\/12\/Verein-Senkler-Web-577x1024.jpg 577w, https:\/\/www.senklerhof.de\/wp-content\/uploads\/2023\/12\/Verein-Senkler-Web-768x1364.jpg 768w, https:\/\/www.senklerhof.de\/wp-content\/uploads\/2023\/12\/Verein-Senkler-Web-865x1536.jpg 865w, https:\/\/www.senklerhof.de\/wp-content\/uploads\/2023\/12\/Verein-Senkler-Web-1153x2048.jpg 1153w, https:\/\/www.senklerhof.de\/wp-content\/uploads\/2023\/12\/Verein-Senkler-Web-520x923.jpg 520w, https:\/\/www.senklerhof.de\/wp-content\/uploads\/2023\/12\/Verein-Senkler-Web-740x1314.jpg 740w, https:\/\/www.senklerhof.de\/wp-content\/uploads\/2023\/12\/Verein-Senkler-Web-scaled.jpg 1442w\" sizes=\"auto, (max-width: 169px) 100vw, 169px\" \/><\/p>\n<p>Der Senklerhof e.V. ist Eigent\u00fcmer des Senklerhofes. Dieser wurde 1955 von der J\u00fcngerengemeinschaft des Bundes Quickborn gegr\u00fcndet.<\/p>\n<p>Aufgabe des Vereins ist die Erhaltung und der Betrieb des Senklerhofes zum Zwecke<\/p>\n<ul>\n<li>der F\u00f6rderung der Erziehung<\/li>\n<li>der F\u00f6rderung der Volks- und Berufsbildung einschlie\u00dflich der Studentenhilfe<\/li>\n<\/ul>\n<p>Der Verein dient ausschlie\u00dflich und unmittelbar steuerbeg\u00fcnstigen gemeinn\u00fctzigen Zwecken. Dies ist vom zust\u00e4ndigen Finanzamt durch den letzten Freistellungsbescheid zur K\u00f6rpersteuer und Gewerbesteuer best\u00e4tigt worden.<\/p>\n<p>Der Vereinsvorstand besteht aus dem\/der 1. Vorsitzenden(r), dem\/der Gesch\u00e4ftsf\u00fchrer(in) als 2. Vorsitzende(r) und dem H\u00fcttenwart.<\/p>\n","protected":false},"excerpt":{"rendered":"<p>Der Senklerhof e.V. ist Eigent\u00fcmer des Senklerhofes. Dieser wurde 1955 von der J\u00fcngerengemeinschaft des Bundes Quickborn gegr\u00fcndet. Aufgabe des Vereins ist die Erhaltung und der Betrieb des Senklerhofes zum Zwecke der F\u00f6rderung der Erziehung der F\u00f6rderung der Volks- und Berufsbildung einschlie\u00dflich der Studentenhilfe Der Verein<a class=\"read-more\" href=\"https:\/\/www.senklerhof.de\/index.php\/verein\/\">Weiterlesen<\/a><\/p>\n","protected":false},"author":1,"featured_media":0,"parent":0,"menu_order":0,"comment_status":"closed","ping_status":"closed","template":"","meta":{"ngg_post_thumbnail":0,"footnotes":""},"class_list":["post-43","page","type-page","status-publish","hentry"],"_links":{"self":[{"href":"https:\/\/www.senklerhof.de\/index.php\/wp-json\/wp\/v2\/pages\/43","targetHints":{"allow":["GET"]}}],"collection":[{"href":"https:\/\/www.senklerhof.de\/index.php\/wp-json\/wp\/v2\/pages"}],"about":[{"href":"https:\/\/www.senklerhof.de\/index.php\/wp-json\/wp\/v2\/types\/page"}],"author":[{"embeddable":true,"href":"https:\/\/www.senklerhof.de\/index.php\/wp-json\/wp\/v2\/users\/1"}],"replies":[{"embeddable":true,"href":"https:\/\/www.senklerhof.de\/index.php\/wp-json\/wp\/v2\/comments?post=43"}],"version-history":[{"count":14,"href":"https:\/\/www.senklerhof.de\/index.php\/wp-json\/wp\/v2\/pages\/43\/revisions"}],"predecessor-version":[{"id":2504,"href":"https:\/\/www.senklerhof.de\/index.php\/wp-json\/wp\/v2\/pages\/43\/revisions\/2504"}],"wp:attachment":[{"href":"https:\/\/www.senklerhof.de\/index.php\/wp-json\/wp\/v2\/media?parent=43"}],"curies":[{"name":"wp","href":"https:\/\/api.w.org\/{rel}","templated":true}]}}

<p><img loading="lazy" decoding="async" class="size-medium wp-image-2500 alignright" src="https://www.senklerhof.de/wp-content/uploads/2023/12/Verein-Senkler-Web-169x300.jpg" alt="" width="169" height="300" srcset="https://www.senklerhof.de/wp-content/uploads/2023/12/Verein-Senkler-Web-169x300.jpg 169w, https://www.senklerhof.de/wp-content/uploads/2023/12/Verein-Senkler-Web-577x1024.jpg 577w, https://www.senklerhof.de/wp-content/uploads/2023/12/Verein-Senkler-Web-768x1364.jpg 768w, https://www.senklerhof.de/wp-content/uploads/2023/12/Verein-Senkler-Web-865x1536.jpg 865w, https://www.senklerhof.de/wp-content/uploads/2023/12/Verein-Senkler-Web-1153x2048.jpg 1153w, https://www.senklerhof.de/wp-content/uploads/2023/12/Verein-Senkler-Web-520x923.jpg 520w, https://www.senklerhof.de/wp-content/uploads/2023/12/Verein-Senkler-Web-740x1314.jpg 740w, https://www.senklerhof.de/wp-content/uploads/2023/12/Verein-Senkler-Web-scaled.jpg 1442w" sizes="auto, (max-width: 169px) 100vw, 169px" /></p>
<p>Der Senklerhof e.V. ist Eigentümer des Senklerhofes. Dieser wurde 1955 von der Jüngerengemeinschaft des Bundes Quickborn gegründet.</p>
<p>Aufgabe des Vereins ist die Erhaltung und der Betrieb des Senklerhofes zum Zwecke</p>
<ul>
<li>der Förderung der Erziehung</li>
<li>der Förderung der Volks- und Berufsbildung einschließlich der Studentenhilfe</li>
</ul>
<p>Der Verein dient ausschließlich und unmittelbar steuerbegünstigen gemeinnützigen Zwecken. Dies ist vom zuständigen Finanzamt durch den letzten Freistellungsbescheid zur Körpersteuer und Gewerbesteuer bestätigt worden.</p>
<p>Der Vereinsvorstand besteht aus dem/der 1. Vorsitzenden(r), dem/der Geschäftsführer(in) als 2. Vorsitzende(r) und dem Hüttenwart.</p>

<p>Der Senklerhof e.V. ist Eigentümer des Senklerhofes. Dieser wurde 1955 von der Jüngerengemeinschaft des Bundes Quickborn gegründet. Aufgabe des Vereins ist die Erhaltung und der Betrieb des Senklerhofes zum Zwecke der Förderung der Erziehung der Förderung der Volks- und Berufsbildung einschließlich der Studentenhilfe Der Verein<a class="read-more" href="https://www.senklerhof.de/index.php/verein/">Weiterlesen</a></p>
